{"id":4262,"date":"2021-02-19T13:10:23","date_gmt":"2021-02-19T13:10:23","guid":{"rendered":"http:\/\/osmbklj.edu.ba\/?page_id=4262"},"modified":"2025-09-15T14:10:35","modified_gmt":"2025-09-15T12:10:35","slug":"odluke","status":"publish","type":"page","link":"https:\/\/osmbklj.edu.ba\/?page_id=4262","title":{"rendered":"Odluke"},"content":{"rendered":"<h2 style=\"text-align: center;\">ODLUKE<\/h2>\n<p>Odluke u \u0161kolskoj 2025\/2026. godini mo\u017eetre pogledati <a href=\"https:\/\/osmbklj-my.sharepoint.com\/:f:\/g\/personal\/info_osmbklj_edu_ba\/EsC9-bAQgF9ImPsLxkkgrDkBRoSdEojOM5nABi9ncL0z5g?e=MWlFIv\" target=\"_blank\" rel=\"noopener\">OVDJE<\/a><\/p>\n<p>Odluke u \u0161olskoj 2024\/2025. godini mo\u017eete pogledati <a href=\"https:\/\/osmbklj-my.sharepoint.com\/:f:\/g\/personal\/info_osmbklj_edu_ba\/EnLWR6p365ZNqLUsQueQbHgByXKmRCnAdKuw6bTCACpjqQ?e=HKbw43\" target=\"_blank\" rel=\"noopener\">OVDE<\/a><\/p>\n<p>Odluka o usvajanju Procjene ugro\u017eenosti i Plana za\u0161tite od po\u017eara s planom evakuacije JU O\u0160 MbKLJ &#8211; <a href=\"https:\/\/osmbklj-my.sharepoint.com\/:b:\/g\/personal\/info_osmbklj_edu_ba\/Ec8V-OQAbCxOvSzKhIdNNJIBt4wa71ipwo-Pdnm-GztFoA?e=D9Pj35\">PDF<\/a><\/p>\n<p>Odluka o usvajanju finansijskog plana za 2025 &#8211; <a href=\"https:\/\/osmbklj-my.sharepoint.com\/:b:\/g\/personal\/info_osmbklj_edu_ba\/EVHR-wo6hYtDqi96mfzYL0UBP7e62sBIpNEICe5jW2Fx8g?e=vazoxx\" target=\"_blank\" rel=\"noopener\">PDF<\/a><\/p>\n<p>Rje\u0161enje za godi\u0161nji odmor &#8211; direktor &#8211; 04-2025 &#8211; <a href=\"https:\/\/osmbklj-my.sharepoint.com\/:b:\/g\/personal\/info_osmbklj_edu_ba\/Ec8TVF_9y3xCojjHxM50D-cBSlGOF4IRlvOEyZ7EDGyDMg?e=F7Avec\" target=\"_blank\" rel=\"noopener\">PDF<\/a><\/p>\n<p>Odluka o utvr\u0111ivanju kona\u010dne rang-liste &#8211; tabela 3 &#8211; <a href=\"https:\/\/osmbklj-my.sharepoint.com\/:b:\/g\/personal\/info_osmbklj_edu_ba\/EXZDb0J1c3xLrswOsF7a7AoBCcDsAU5nmHDMqyN3W2a-Ew?e=IbGSLb\" target=\"_blank\" rel=\"noopener\">PDF<\/a><\/p>\n<p>Odluka o poni\u0161tenju dijela Javnog konkursa za popunu upra\u017enjenih radnih mjesta u \u0161kolskoj 2024\/2025 &#8211; <a href=\"https:\/\/osmbklj-my.sharepoint.com\/:b:\/g\/personal\/info_osmbklj_edu_ba\/EbAud5b-glNAuoi_Yxj0SkoB7C3Kjq9iFHZ-rQ8nLCWODA?e=3eObHf\" target=\"_blank\" rel=\"noopener\">PDF<\/a><\/p>\n<p>Odluka &#8211; Imenovanje komisije za ekskurziju u \u0161kolskoj 2024\/2025. godini &#8211; <a href=\"https:\/\/osmbklj-my.sharepoint.com\/:b:\/g\/personal\/info_osmbklj_edu_ba\/EVdAf06FHctCiayYz0ckoEsBMRYK2hYMRGH4zHWNP30sFA?e=thzYa8\" target=\"_blank\" rel=\"noopener\">PDF<\/a><\/p>\n<p>Odluka &#8211; Pravila \u0161kole (2025) &#8211; <a href=\"https:\/\/osmbklj-my.sharepoint.com\/:b:\/g\/personal\/info_osmbklj_edu_ba\/EWzWjzrPKx5AoalTJovpuPMBmYo5DaEl05NUzHs-ZvysyA?e=c9hq2o\" target=\"_blank\" rel=\"noopener\">PDF<\/a><\/p>\n<p>Odluka o raspisivanju Javnog konkursa &#8211; 02-2025 &#8211; <a href=\"https:\/\/osmbklj-my.sharepoint.com\/:b:\/g\/personal\/info_osmbklj_edu_ba\/EWE9_1P_cZlOsh4c_PFXgqsBR92z8AqbcLt0u1h5BBtgpw?e=n0Tjou\" target=\"_blank\" rel=\"noopener\">PDF<\/a><\/p>\n<p>Odluka o izmjeni GPR-a 02-2025 &#8211; <a href=\"https:\/\/osmbklj-my.sharepoint.com\/:b:\/g\/personal\/info_osmbklj_edu_ba\/Ee12rcn6JyBBuQMRBs8EtPYB1RiTYE_LxXUjjJFXiRplxQ?e=Itg5EJ\" target=\"_blank\" rel=\"noopener\">PDF<\/a><\/p>\n<p>Odluka o popisu &#8211; Inventri za 2024 &#8211; <a href=\"https:\/\/osmbklj-my.sharepoint.com\/:b:\/g\/personal\/info_osmbklj_edu_ba\/EbZtiqrHUc1DmAVqdmoRMbQBmnFrIH9IuWnaG5sOJv48oA?e=6MuJl9\" target=\"_blank\" rel=\"noopener\">PDF<\/a><\/p>\n<p>Odluka &#8211; zalba ucenika &#8211; <a href=\"https:\/\/osmbklj-my.sharepoint.com\/:b:\/g\/personal\/info_osmbklj_edu_ba\/EeE5tbGeeOpNmz3g5jnW_B8BVCodx8fz6gvD6UJ1BtCKFw?e=Ui7qcu\" target=\"_blank\" rel=\"noopener\">PDF<\/a><\/p>\n<p>Odluka &#8211; usvajanje petogodi\u0161njeg plana kadrovskih potreba &#8211; <a href=\"https:\/\/osmbklj-my.sharepoint.com\/:b:\/g\/personal\/info_osmbklj_edu_ba\/EdESpbkH_cJGm4rtsFl2_5QBqbzd_EHX_BGFz_hSZXuuaA?e=rbuSE2\" target=\"_blank\" rel=\"noopener\">PDF<\/a><\/p>\n<p>Poslovnik o radu \u0160O &#8211; <a href=\"https:\/\/osmbklj-my.sharepoint.com\/:w:\/g\/personal\/info_osmbklj_edu_ba\/ESrPpSOuH_JFvomgLZ5ZUdsBbeGKjB6_X-ooInku199pvA?e=eY29CT\" target=\"_blank\" rel=\"noopener\">PDF<\/a><\/p>\n<p>Odluka potvrda &#8211;<a href=\"https:\/\/osmbklj-my.sharepoint.com\/:b:\/g\/personal\/info_osmbklj_edu_ba\/EWx9-8Gncp1CkXh6IqgstA4Btap5AaUXTLLbpP1IO5eJSA?e=SxfUNI\" target=\"_blank\" rel=\"noopener\"> PDF<\/a><\/p>\n<p>Odluka o cetvrtoj izmjenu Plana nabavki za 2024 &#8211; <a href=\"https:\/\/osmbklj-my.sharepoint.com\/:b:\/g\/personal\/info_osmbklj_edu_ba\/EUvnjMu0QMNCtOGdpSUR0RYB5gjFdB5sGSXVjDRg0uVzJQ?e=We5Dt5\" target=\"_blank\" rel=\"noopener\">PDF<\/a><\/p>\n<p>Odluka &#8211; Usvajanje GPR-a za 2024\/2025. godinu &#8211; <a href=\"https:\/\/osmbklj-my.sharepoint.com\/:b:\/g\/personal\/info_osmbklj_edu_ba\/ESKMCsnaoRhOkXDWGlLeRLcBpGo-IKltnJZ1GMuNgazlKQ?e=LmDnCQ\" target=\"_blank\" rel=\"noopener\">PDF<\/a><\/p>\n<p>&nbsp;<\/p>\n<hr \/>\n<p><a href=\"https:\/\/osmbklj-my.sharepoint.com\/:f:\/g\/personal\/info_osmbklj_edu_ba\/EkQDMZiGJDpAnEljZLLTxFEBlg7b_AZ0rU5Y4ImlNhpiiA?e=1JJK2M\">Odluke u \u0161kolskoj 2023\/2024. godini mo\u017eete pogledati OVDJE<\/a><\/p>\n<hr \/>\n<p><a href=\"http:\/\/osmbklj.edu.ba\/wp-content\/uploads\/2021\/02\/OSMBKLJ-Oodluka-o-saglasnosti-PravilaMBKLJ.pdf\">OSMBKLJ &#8211; Oodluka o saglasnosti Pravila MBKLJ<\/a><\/p>\n<p><a href=\"http:\/\/osmbklj.edu.ba\/wp-content\/uploads\/2021\/02\/OSMBKLJ-Odluka-operativni-tim.pdf\">OSMBKLJ &#8211; Odluka operativni tim<\/a><\/p>\n<p><a href=\"http:\/\/osmbklj.edu.ba\/wp-content\/uploads\/2021\/02\/OSMBKLJ-Odluka-o-radu-januar-2021.pdf\">OSMBKLJ &#8211; Odluka o radu &#8211; januar 2021<\/a><\/p>\n<hr \/>\n<p><a href=\"http:\/\/osmbklj.edu.ba\/wp-content\/uploads\/2021\/05\/Odluka-o-pokretanju-konkurentskog-postupka-javne-nabavke-prevoz.pdf\">Odluka o pokretanju konkurentskog postupka javne nabavke- prevoz<\/a><\/p>\n<p><a href=\"http:\/\/osmbklj.edu.ba\/wp-content\/uploads\/2021\/05\/Odluka-o-pokretanju-postupka-javne-nabavke-sala.pdf\">Odluka o pokretanju postupka javne nabavke- sala<\/a><\/p>\n<p><a href=\"http:\/\/osmbklj.edu.ba\/wp-content\/uploads\/2021\/05\/Odluka-o-prvoj-izmjeni-Plana-nabavku.pdf\">Odluka o prvoj izmjeni Plana nabavku<\/a><\/p>\n<p>&nbsp;<\/p>\n<hr \/>\n<p><strong>ODLUKU o izuze\u0107u od primjene Zakona o javnim nabavkama<\/strong><\/p>\n<p><a href=\"http:\/\/osmbklj.edu.ba\/wp-content\/uploads\/2021\/05\/OSMBKLJ-Odluka-o-izuzecu.pdf\">OSMBKLJ &#8211; Odluka o izuzecu broj 5-735\/21 od 12.05.2021. (PDF)<\/a><\/p>\n<hr \/>\n<p>&nbsp;<\/p>\n","protected":false},"excerpt":{"rendered":"<p>ODLUKE Odluke u \u0161kolskoj 2025\/2026. godini mo\u017eetre pogledati OVDJE Odluke u \u0161olskoj 2024\/2025. godini mo\u017eete pogledati OVDE Odluka o usvajanju Procjene ugro\u017eenosti i Plana za\u0161tite od po\u017eara s planom evakuacije JU O\u0160 MbKLJ &#8211; PDF Odluka o usvajanju finansijskog plana za 2025 &#8211; PDF Rje\u0161enje za godi\u0161nji odmor &#8211; direktor &#8211; 04-2025 &#8211; PDF Odluka<\/p>\n","protected":false},"author":1,"featured_media":0,"parent":0,"menu_order":0,"comment_status":"closed","ping_status":"closed","template":"","meta":{"footnotes":""},"class_list":["post-4262","page","type-page","status-publish","hentry"],"_links":{"self":[{"href":"https:\/\/osmbklj.edu.ba\/index.php?rest_route=\/wp\/v2\/pages\/4262","targetHints":{"allow":["GET"]}}],"collection":[{"href":"https:\/\/osmbklj.edu.ba\/index.php?rest_route=\/wp\/v2\/pages"}],"about":[{"href":"https:\/\/osmbklj.edu.ba\/index.php?rest_route=\/wp\/v2\/types\/page"}],"author":[{"embeddable":true,"href":"https:\/\/osmbklj.edu.ba\/index.php?rest_route=\/wp\/v2\/users\/1"}],"replies":[{"embeddable":true,"href":"https:\/\/osmbklj.edu.ba\/index.php?rest_route=%2Fwp%2Fv2%2Fcomments&post=4262"}],"version-history":[{"count":26,"href":"https:\/\/osmbklj.edu.ba\/index.php?rest_route=\/wp\/v2\/pages\/4262\/revisions"}],"predecessor-version":[{"id":5470,"href":"https:\/\/osmbklj.edu.ba\/index.php?rest_route=\/wp\/v2\/pages\/4262\/revisions\/5470"}],"wp:attachment":[{"href":"https:\/\/osmbklj.edu.ba\/index.php?rest_route=%2Fwp%2Fv2%2Fmedia&parent=4262"}],"curies":[{"name":"wp","href":"https:\/\/api.w.org\/{rel}","templated":true}]}}